{"id":2729,"date":"2022-08-02T15:04:18","date_gmt":"2022-08-02T12:04:18","guid":{"rendered":"https:\/\/wtdemo.link\/audio1\/?post_type=product&#038;p=2729"},"modified":"2022-08-02T18:18:14","modified_gmt":"2022-08-02T15:18:14","slug":"12li-2u-kabinet-aluminyum-priz-modulu","status":"publish","type":"product","link":"https:\/\/wtdemo.link\/audio1\/product\/12li-2u-kabinet-aluminyum-priz-modulu\/","title":{"rendered":"12&#8217;li 2U Kabinet Al\u00fcminyum Priz Mod\u00fcl\u00fc"},"content":{"rendered":"<p><strong>12&#8217;li 2U Kabinet Al\u00fcminyum Priz Mod\u00fcl\u00fc<\/strong><\/p>\n<p>\u00dcr\u00fcn Boyutlar\u0131: 483x600x88.90mm<br \/>\n19\u201d 2U kabinetlere uygun<br \/>\n16A sigortal\u0131<\/p>\n","protected":false},"excerpt":{"rendered":"<p>12&#8217;li 2U Kabinet Al\u00fcminyum Priz Mod\u00fcl\u00fc \u00dcr\u00fcn Boyutlar\u0131: 483x600x88.90mm 19\u201d 2U kabinetlere uygun 16A sigortal\u0131<\/p>\n","protected":false},"featured_media":2863,"comment_status":"open","ping_status":"closed","template":"","meta":[],"product_cat":[80],"product_tag":[],"class_list":{"0":"post-2729","1":"product","2":"type-product","3":"status-publish","4":"has-post-thumbnail","6":"product_cat-network-sistemleri","7":"notblog","9":"first","10":"instock","11":"shipping-taxable","12":"purchasable","13":"product-type-simple"},"_links":{"self":[{"href":"https:\/\/wtdemo.link\/audio1\/wp-json\/wp\/v2\/product\/2729","targetHints":{"allow":["GET"]}}],"collection":[{"href":"https:\/\/wtdemo.link\/audio1\/wp-json\/wp\/v2\/product"}],"about":[{"href":"https:\/\/wtdemo.link\/audio1\/wp-json\/wp\/v2\/types\/product"}],"replies":[{"embeddable":true,"href":"https:\/\/wtdemo.link\/audio1\/wp-json\/wp\/v2\/comments?post=2729"}],"wp:featuredmedia":[{"embeddable":true,"href":"https:\/\/wtdemo.link\/audio1\/wp-json\/wp\/v2\/media\/2863"}],"wp:attachment":[{"href":"https:\/\/wtdemo.link\/audio1\/wp-json\/wp\/v2\/media?parent=2729"}],"wp:term":[{"taxonomy":"product_cat","embeddable":true,"href":"https:\/\/wtdemo.link\/audio1\/wp-json\/wp\/v2\/product_cat?post=2729"},{"taxonomy":"product_tag","embeddable":true,"href":"https:\/\/wtdemo.link\/audio1\/wp-json\/wp\/v2\/product_tag?post=2729"}],"curies":[{"name":"wp","href":"https:\/\/api.w.org\/{rel}","templated":true}]}}