{"id":2748,"date":"2022-08-02T15:38:52","date_gmt":"2022-08-02T12:38:52","guid":{"rendered":"https:\/\/wtdemo.link\/audio1\/?post_type=product&#038;p=2748"},"modified":"2022-08-02T15:38:52","modified_gmt":"2022-08-02T12:38:52","slug":"8-mp-dis-mekan-4k-ultra-hd-ip-poe-guvenlik-kamerasi","status":"publish","type":"product","link":"https:\/\/wtdemo.link\/audio1\/product\/8-mp-dis-mekan-4k-ultra-hd-ip-poe-guvenlik-kamerasi\/","title":{"rendered":"8 Mp D\u0131\u015f Mekan 4K Ultra Hd Ip Poe G\u00fcvenlik Kameras\u0131"},"content":{"rendered":"<p><strong>Mp D\u0131\u015f Mekan 4K Ultra Hd Ip Poe G\u00fcvenlik Kameras\u0131 \u00d6zellikleri<\/strong><br \/>\nBa\u011flant\u0131 Tipi Kablolu<br \/>\nGaranti Notu E\u011fer sat\u0131n ald\u0131\u011f\u0131n\u0131z \u00fcr\u00fcn kurulum gerektiriyorsa, size en yak\u0131n yetkili servisi aray\u0131n.\u00dcr\u00fcn kutusunun (ambalaj\u0131n) a\u00e7\u0131lmas\u0131 ve kurulum i\u015flemi mutlaka yetkili servis taraf\u0131ndan yap\u0131lmal\u0131d\u0131r. Aksi takdirde \u00fcr\u00fcn\u00fcn\u00fcz garanti kapsam\u0131 d\u0131\u015f\u0131nda kal\u0131r..<br \/>\nGece G\u00f6r\u00fc\u015f Deste\u011fi Var<br \/>\nGaranti S\u00fcresi (Ay) 2<br \/>\nYurt D\u0131\u015f\u0131 Sat\u0131\u015f Yok<br \/>\nStok Kodu HBCV00001FFY3H<\/p>\n","protected":false},"excerpt":{"rendered":"<p>Mp D\u0131\u015f Mekan 4K Ultra Hd Ip Poe G\u00fcvenlik Kameras\u0131 \u00d6zellikleri Ba\u011flant\u0131 Tipi Kablolu Garanti Notu E\u011fer sat\u0131n ald\u0131\u011f\u0131n\u0131z \u00fcr\u00fcn kurulum gerektiriyorsa, size en yak\u0131n yetkili servisi aray\u0131n.\u00dcr\u00fcn kutusunun (ambalaj\u0131n) a\u00e7\u0131lmas\u0131 ve kurulum i\u015flemi mutlaka yetkili servis taraf\u0131ndan yap\u0131lmal\u0131d\u0131r. Aksi takdirde \u00fcr\u00fcn\u00fcn\u00fcz garanti kapsam\u0131 d\u0131\u015f\u0131nda kal\u0131r.. Gece G\u00f6r\u00fc\u015f Deste\u011fi Var Garanti S\u00fcresi (Ay) 2 Yurt [&hellip;]<\/p>\n","protected":false},"featured_media":2749,"comment_status":"open","ping_status":"closed","template":"","meta":[],"product_cat":[26],"product_tag":[],"class_list":{"0":"post-2748","1":"product","2":"type-product","3":"status-publish","4":"has-post-thumbnail","6":"product_cat-ip-guvenlik-kameralari","7":"notblog","9":"first","10":"instock","11":"shipping-taxable","12":"purchasable","13":"product-type-simple"},"_links":{"self":[{"href":"https:\/\/wtdemo.link\/audio1\/wp-json\/wp\/v2\/product\/2748","targetHints":{"allow":["GET"]}}],"collection":[{"href":"https:\/\/wtdemo.link\/audio1\/wp-json\/wp\/v2\/product"}],"about":[{"href":"https:\/\/wtdemo.link\/audio1\/wp-json\/wp\/v2\/types\/product"}],"replies":[{"embeddable":true,"href":"https:\/\/wtdemo.link\/audio1\/wp-json\/wp\/v2\/comments?post=2748"}],"wp:featuredmedia":[{"embeddable":true,"href":"https:\/\/wtdemo.link\/audio1\/wp-json\/wp\/v2\/media\/2749"}],"wp:attachment":[{"href":"https:\/\/wtdemo.link\/audio1\/wp-json\/wp\/v2\/media?parent=2748"}],"wp:term":[{"taxonomy":"product_cat","embeddable":true,"href":"https:\/\/wtdemo.link\/audio1\/wp-json\/wp\/v2\/product_cat?post=2748"},{"taxonomy":"product_tag","embeddable":true,"href":"https:\/\/wtdemo.link\/audio1\/wp-json\/wp\/v2\/product_tag?post=2748"}],"curies":[{"name":"wp","href":"https:\/\/api.w.org\/{rel}","templated":true}]}}