{"id":2750,"date":"2022-08-02T15:40:51","date_gmt":"2022-08-02T12:40:51","guid":{"rendered":"https:\/\/wtdemo.link\/audio1\/?post_type=product&#038;p=2750"},"modified":"2022-08-02T17:30:49","modified_gmt":"2022-08-02T14:30:49","slug":"bises-5-mp-1940p-sensor-6-mp-sony-lens-metal-kasa-ip-guvenlik-kamerasi_bs-548ip","status":"publish","type":"product","link":"https:\/\/wtdemo.link\/audio1\/product\/bises-5-mp-1940p-sensor-6-mp-sony-lens-metal-kasa-ip-guvenlik-kamerasi_bs-548ip\/","title":{"rendered":"Bises 5 Mp 1940P Sens\u00f6r 6 Mp Sony Lens Metal Kasa Ip G\u00fcvenlik Kameras\u0131_bs 548IP"},"content":{"rendered":"<p>( METAL KASA &#8211; SU GE\u00c7\u0130RMEZ &#8211; DI\u015e ve \u0130\u00c7 MEKAN UYUMLU )<\/p>\n<p>G\u00f6r\u00fcnt\u00fc Sens\u00f6r\u00fc: APTINA 1940P IP<\/p>\n<p>IR-Cut Filter: Var<\/p>\n<p>Sinyal Sistemi: PAL \/ NTSC<\/p>\n<p>Piksel Say\u0131s\u0131: 2590X1940 \u00c7\u00f6z\u00fcn\u00fcrl\u00fck<\/p>\n<p>Day&amp;Night: Day\/Night<\/p>\n<p>Lens: 6 MegaPixel 3,6 mm SONY Lens<\/p>\n<p>Led Say\u0131s\u0131: 48 IR LED<\/p>\n<p>Gece G\u00f6r\u00fc\u015f Mesafesi: 45 &#8211; 50 Metre Max Gece G\u00f6r\u00fc\u015f<\/p>\n<p>Otomatik Iris Kontrol\u00fc: Auto<\/p>\n<p>Otomatik Kazan\u00e7 Kontrol\u00fc (AGC) : Auto<\/p>\n<p>Otomatik S\u0130YAH BEYAZ Kontrol\u00fc (AWB) : Auto<\/p>\n<p>Digital WDR: VAR<\/p>\n<p>Geri I\u015f\u0131k Kontrol\u00fc (BLC) : Auto<\/p>\n<p>G\u00fc\u00e7 T\u00fcketimi: 250 mA (Gece g\u00f6r\u00fc\u015fte, MAX 500 A)<\/p>\n","protected":false},"excerpt":{"rendered":"<p>( METAL KASA &#8211; SU GE\u00c7\u0130RMEZ &#8211; DI\u015e ve \u0130\u00c7 MEKAN UYUMLU ) G\u00f6r\u00fcnt\u00fc Sens\u00f6r\u00fc: APTINA 1940P IP IR-Cut Filter: Var Sinyal Sistemi: PAL \/ NTSC Piksel Say\u0131s\u0131: 2590X1940 \u00c7\u00f6z\u00fcn\u00fcrl\u00fck Day&amp;Night: Day\/Night Lens: 6 MegaPixel 3,6 mm SONY Lens Led Say\u0131s\u0131: 48 IR LED Gece G\u00f6r\u00fc\u015f Mesafesi: 45 &#8211; 50 Metre Max Gece G\u00f6r\u00fc\u015f Otomatik [&hellip;]<\/p>\n","protected":false},"featured_media":2836,"comment_status":"open","ping_status":"closed","template":"","meta":[],"product_cat":[26],"product_tag":[],"class_list":{"0":"post-2750","1":"product","2":"type-product","3":"status-publish","4":"has-post-thumbnail","6":"product_cat-ip-guvenlik-kameralari","7":"notblog","9":"first","10":"instock","11":"shipping-taxable","12":"purchasable","13":"product-type-simple"},"_links":{"self":[{"href":"https:\/\/wtdemo.link\/audio1\/wp-json\/wp\/v2\/product\/2750","targetHints":{"allow":["GET"]}}],"collection":[{"href":"https:\/\/wtdemo.link\/audio1\/wp-json\/wp\/v2\/product"}],"about":[{"href":"https:\/\/wtdemo.link\/audio1\/wp-json\/wp\/v2\/types\/product"}],"replies":[{"embeddable":true,"href":"https:\/\/wtdemo.link\/audio1\/wp-json\/wp\/v2\/comments?post=2750"}],"wp:featuredmedia":[{"embeddable":true,"href":"https:\/\/wtdemo.link\/audio1\/wp-json\/wp\/v2\/media\/2836"}],"wp:attachment":[{"href":"https:\/\/wtdemo.link\/audio1\/wp-json\/wp\/v2\/media?parent=2750"}],"wp:term":[{"taxonomy":"product_cat","embeddable":true,"href":"https:\/\/wtdemo.link\/audio1\/wp-json\/wp\/v2\/product_cat?post=2750"},{"taxonomy":"product_tag","embeddable":true,"href":"https:\/\/wtdemo.link\/audio1\/wp-json\/wp\/v2\/product_tag?post=2750"}],"curies":[{"name":"wp","href":"https:\/\/api.w.org\/{rel}","templated":true}]}}