{"id":2754,"date":"2022-08-02T15:43:49","date_gmt":"2022-08-02T12:43:49","guid":{"rendered":"https:\/\/wtdemo.link\/audio1\/?post_type=product&#038;p=2754"},"modified":"2022-08-02T15:43:50","modified_gmt":"2022-08-02T12:43:50","slug":"yoosee-onvif-full-hd-wi-fi-sesli-cift-antenli-ip-kamera","status":"publish","type":"product","link":"https:\/\/wtdemo.link\/audio1\/product\/yoosee-onvif-full-hd-wi-fi-sesli-cift-antenli-ip-kamera\/","title":{"rendered":"Yoosee Onv\u0131f Full Hd W\u0131 F\u0131 Sesli \u00c7ift Antenli Ip Kamera"},"content":{"rendered":"<p>YOOSEE ORJ\u0130NAL \u00c7\u0130FT ANTEN<\/p>\n<p>1080P 2 MP METAL IRCUT<\/p>\n<p>&#8211; H\u0130\u00c7 B\u0130R KAYIT C\u0130HAZINA \u0130HT\u0130YACI YOKTUR<\/p>\n<p>&#8211; KABLOLU YADA KABLOSUZ TAKILALAR \u0130\u00c7\u0130NDE KURULUR<\/p>\n<p>&#8211; KEND\u0130N\u0130Z KURAB\u0130L\u0130RS\u0130N\u0130Z<\/p>\n<p>&#8211; DAK\u0130KALAR \u0130\u00c7\u0130NDE KURAB\u0130L\u0130R YILLARCA SORUNSUZ KULLANAB\u0130L\u0130RS\u0130N\u0130Z<\/p>\n<p>MARKA MODEL : YOOSEE ONV\u0130F 2 MP \u0130P KAMERA<\/p>\n<p>KEND\u0130 YOOSEE UYGULAMASI \u0130LE \u00c7ALI\u015eIR VE UYGULAMA TAM S\u00dcR\u00dcM VE \u00dcCRETS\u0130ZD\u0130R<\/p>\n<p>****** ORJ\u0130NAL ADAPT\u00d6R\u00dc YANINDA G\u00d6NDER\u0130LECEKT\u0130R *********<\/p>\n<p>GELEN T\u00dcM G\u00dcNCELLEMELERE ORJ\u0130NAL OLAN BU \u00dcR\u00dcN ANINDA TEPK\u0130 VER\u0130R KOPYA YOOSEE DEG\u0130L ORJ\u0130NAL \u00dcR\u00dcND\u00dcR<\/p>\n<p><strong>BA\u015eLICA \u00d6ZELL\u0130KLER :<\/strong><\/p>\n<p>Desteklenen Mobil Sistemler: Android, iOS, Windows Mobile<br \/>\nVideo S\u0131k\u0131\u015ft\u0131rma Bi\u00e7imi: H.264<br \/>\nY\u00fcksek \u00c7\u00f6z\u00fcn\u00fcrl\u00fck: 1080P (Tam HD)<br \/>\nSes \u00e7\u0131k\u0131\u015f\u0131: 1ch rca<br \/>\nBa\u011flant\u0131: IP \/ A\u011f Kablosuz<br \/>\nBeyaz renk<br \/>\nG\u00fc\u00e7 T\u00fcketimi (W): 3w<br \/>\nStil: Mini kamera<br \/>\nKurulum: G\u00f6m\u00fcl\u00fc<br \/>\nA\u011f Aray\u00fcz\u00fc: Wi-Fi \/ 802.11 \/ b \/ g<br \/>\nTip: IP kamera<br \/>\nSens\u00f6r Markas\u0131: SONY<br \/>\nG\u00fc\u00e7 Kayna\u011f\u0131 (V): 12V<br \/>\nModel Numaras\u0131: NT-SP-C3<br \/>\n&#8211; KABLOLU YADA KABLOSUZ KURULAB\u0130L\u0130R<\/p>\n<p>&#8211; DI\u015e ORTAMA UYGUNDUR IP66<\/p>\n<p>&#8211; SES ALIR SES VER\u0130R \u00dcZER\u0130NDE HOPORL\u00d6R VARDIR<\/p>\n<p>&#8211; BEYAZ FLA\u015e I\u015eIGI HAREKET\u0130 G\u00d6RD\u00dcNDE VE \u0130STEN\u0130LEN SAATE YANAR VE ORTAMI AYNDINLATIR GECEY\u0130 G\u00dcND\u00dcZE \u00c7EV\u0130R\u0130R<\/p>\n<p>&#8211; HAREKET ANINDA ALARM G\u0130B\u0130 \u00c7ALI\u015eIR VE S\u0130ZE UYGULAMA \u00dcZER\u0130NDEN \u0130KAZ B\u0130LD\u0130R\u0130M\u0130 \u0130LE D\u0130REK B\u0130LG\u0130 VEREREK TELEFONUNUZA DA KAYIT ETMEN\u0130Z\u0130 SALAR<\/p>\n<p>&#8211; 128 GB SD KART DESTEKLER 32 GB \u0130LE 15 G\u00dcN KAYIT EDER HAREKETE DUYARLI KAYIT ETME FOKS\u0130YONUDA VARDIR<\/p>\n<p>&#8211; MASA \u00dcST\u00dc YAZILIMI \u0130LE D\u0130REK B\u0130G\u0130SAYARINIZDAN \u0130ZLEYEB\u0130L\u0130R KAYIT EDEB\u0130L\u0130RS\u0130N\u0130Z<\/p>\n<p>&#8211; KOLAY PAYLA\u015eIM BUTONU \u0130LE SAN\u0130YELER \u0130\u00c7\u0130N SEVD\u0130KLER\u0130N\u0130ZLE KAMERANIZI PAYLA\u015eIR ONLARINDA \u0130ZLEMES\u0130N\u0130 \u00c7OK KOLAY B\u0130R \u015eEK\u0130LDE SALAYAB\u0130L\u0130RS\u0130N\u0130Z<\/p>\n","protected":false},"excerpt":{"rendered":"<p>YOOSEE ORJ\u0130NAL \u00c7\u0130FT ANTEN 1080P 2 MP METAL IRCUT &#8211; H\u0130\u00c7 B\u0130R KAYIT C\u0130HAZINA \u0130HT\u0130YACI YOKTUR &#8211; KABLOLU YADA KABLOSUZ TAKILALAR \u0130\u00c7\u0130NDE KURULUR &#8211; KEND\u0130N\u0130Z KURAB\u0130L\u0130RS\u0130N\u0130Z &#8211; DAK\u0130KALAR \u0130\u00c7\u0130NDE KURAB\u0130L\u0130R YILLARCA SORUNSUZ KULLANAB\u0130L\u0130RS\u0130N\u0130Z MARKA MODEL : YOOSEE ONV\u0130F 2 MP \u0130P KAMERA KEND\u0130 YOOSEE UYGULAMASI \u0130LE \u00c7ALI\u015eIR VE UYGULAMA TAM S\u00dcR\u00dcM VE \u00dcCRETS\u0130ZD\u0130R ****** ORJ\u0130NAL [&hellip;]<\/p>\n","protected":false},"featured_media":2755,"comment_status":"open","ping_status":"closed","template":"","meta":[],"product_cat":[26],"product_tag":[],"class_list":{"0":"post-2754","1":"product","2":"type-product","3":"status-publish","4":"has-post-thumbnail","6":"product_cat-ip-guvenlik-kameralari","7":"notblog","9":"first","10":"instock","11":"shipping-taxable","12":"purchasable","13":"product-type-simple"},"_links":{"self":[{"href":"https:\/\/wtdemo.link\/audio1\/wp-json\/wp\/v2\/product\/2754","targetHints":{"allow":["GET"]}}],"collection":[{"href":"https:\/\/wtdemo.link\/audio1\/wp-json\/wp\/v2\/product"}],"about":[{"href":"https:\/\/wtdemo.link\/audio1\/wp-json\/wp\/v2\/types\/product"}],"replies":[{"embeddable":true,"href":"https:\/\/wtdemo.link\/audio1\/wp-json\/wp\/v2\/comments?post=2754"}],"wp:featuredmedia":[{"embeddable":true,"href":"https:\/\/wtdemo.link\/audio1\/wp-json\/wp\/v2\/media\/2755"}],"wp:attachment":[{"href":"https:\/\/wtdemo.link\/audio1\/wp-json\/wp\/v2\/media?parent=2754"}],"wp:term":[{"taxonomy":"product_cat","embeddable":true,"href":"https:\/\/wtdemo.link\/audio1\/wp-json\/wp\/v2\/product_cat?post=2754"},{"taxonomy":"product_tag","embeddable":true,"href":"https:\/\/wtdemo.link\/audio1\/wp-json\/wp\/v2\/product_tag?post=2754"}],"curies":[{"name":"wp","href":"https:\/\/api.w.org\/{rel}","templated":true}]}}