{"id":2756,"date":"2022-08-02T15:46:43","date_gmt":"2022-08-02T12:46:43","guid":{"rendered":"https:\/\/wtdemo.link\/audio1\/?post_type=product&#038;p=2756"},"modified":"2024-11-07T16:42:04","modified_gmt":"2024-11-07T13:42:04","slug":"kakusan-beyaz-360-derece-donebilen-kablosuz-wifi-ip-kamera-1080p-full-hd-3-mp-gece-goruslu-hareketli","status":"publish","type":"product","link":"https:\/\/wtdemo.link\/audio1\/product\/kakusan-beyaz-360-derece-donebilen-kablosuz-wifi-ip-kamera-1080p-full-hd-3-mp-gece-goruslu-hareketli\/","title":{"rendered":"Kakusan Beyaz 360 Derece D\u00f6nebilen Kablosuz Wifi Ip Kamera 1080p Full Hd 3 Mp Gece G\u00f6r\u00fc\u015fl\u00fc Hareketli"},"content":{"rendered":"<p><strong>Osmart Abq5100 Kablosuz Ip G\u00fcvenlik Kameras\u0131<\/strong><br \/>\n<strong>Genel \u00d6zellikler:<\/strong><\/p>\n<p>*Kablosuz \u0130p Kamera Sizi \u015ea\u015f\u0131rtacak Kadar Harika \u00d6zelli\u011fe Sahip Komple Bir G\u00fcvenlik Ve \u0130zleme \u00c7\u00f6z\u00fcm\u00fcd\u00fcr.<\/p>\n<p>*T\u00fcrk\u00e7e Men\u00fcl\u00fc Android Ve \u0130os Yaz\u0131l\u0131m\u0131 Play Store Ve Android Markette Mevcuttur.<\/p>\n<p>*Kameran\u0131z\u0131 Cep Telefonu ,Tablet Ve Pc Den Ayn\u0131 Anda Kullanabilirsiniz.<\/p>\n<p>*Kameran\u0131z\u0131 Uzaktan \u0130zlemenin Yan\u0131nda Cep Telefonunuza Foto\u011fraf Ve Video Kayd\u0131 Yapabilir Ortamdaki Sesi Dinleyebilir Ve Kameran\u0131n \u00dczerindeki Hop\u00f6rl\u00f6rden Sesinizi \u0130letebilirsiniz.<\/p>\n<p>*Hareket Sens\u00f6r\u00fc Sayesinde Ortamda Herhangi Bir Hareket Oldu\u011funda Cep Telefonunuzda Sesli Uyar\u0131 Alabilir , \u0130sterseniz Ayn\u0131 Zamanda Kamera \u00dczerindeki Sirenin \u00c7almas\u0131n\u0131 Sa\u011flayabilirsiniz.<\/p>\n<p>*\u00c7ift Anteni Sayesinde G\u00fc\u00e7l\u00fc \u00c7ekim Sunar<\/p>\n<p>*\u00dcst\u00fcn Gece G\u00f6r\u00fc\u015f Sens\u00f6rleri Sayesinde Zifiri Karanl\u0131kta Bile Net G\u00f6r\u00fcnt\u00fc Alabilirsiniz.<\/p>\n<p>*Kameran\u0131z\u0131n Y\u00f6n\u00fcn\u00fc \u0130zleme Esnas\u0131nda Sa\u011fa Sola Ve Yukar\u0131 A\u015fa\u011f\u0131 Hareket Ettirebilirsiniz.<\/p>\n<p>*Kameraya Bir Haf\u0131za Kart\u0131 Takarak Karta Video Kayd\u0131 Yapmas\u0131n\u0131 Sa\u011flayabilirsiniz.<\/p>\n<p>*Haf\u0131za Kart\u0131na Yap\u0131lan Ge\u00e7mi\u015f Kay\u0131tlar\u0131 \u0130zleyebilir, Telefonunuza Kay\u0131t Edebilirsiniz.<\/p>\n<p>*Birden Fazla Kameray\u0131 Ayn\u0131 Cihazdan(Cep Telefonu,Tablet,Pc) Kontrol Edebilirsiniz. Yada Birden Fazla Kameray\u0131 Birden Fazla Cihazdan (Cep Telefonu,Tablet,Pc) \u0130zleyebilirsiniz.<\/p>\n<p>*720 P \u00c7\u00f6z\u00fcn\u00fcrl\u00fckle Kristal Netli\u011finde G\u00f6r\u00fcnt\u00fc Alabilirsiniz.<\/p>\n<p>*Ask\u0131 Aparat\u0131 Sayesinde Duvara, Tavana Kolayca Monte Edebilirsiniz.Kameram\u0131z Kablosuz A\u011f \u00dczerinden \u00c7al\u0131\u015fmaktad\u0131r, \u00c7al\u0131\u015f\u0131r Durumda Bir Kablosuz Modeminiz Olmas\u0131 Yeterlidir.<\/p>\n<p><strong>Kutu \u0130\u00e7eri\u011fi:<\/strong><\/p>\n<p>Osmart Abq 5100 720P 1Mp \u00c7ift Anten Kamera<\/p>\n<p>Adapt\u00f6r<\/p>\n<p>Duvar -Tavan Montaj Aparat\u0131<\/p>\n<p>T\u00fcrk\u00e7e Kurulum Kitap\u00e7\u0131\u011f\u0131 Ve Garanti Belgesi<\/p>\n<p><strong>Teknik \u00d6zellikler:<\/strong><\/p>\n<p>Y\u00fcksek Kaliteli Vga G\u00f6r\u00fcnt\u00fc Sens\u00f6r\u00fc 25 Frame Resim H\u0131z\u0131 W\u0131f\u0131 \u0130le Kablosuz Ba\u011flant\u0131 \u00c7\u00f6z\u00fcn\u00fcrl\u00fck 1280 * 720\u200bSes Dahili Mikrofon Lens Cs, 6Mm 10 Adet Gece G\u00f6r\u00fc\u015f Ir Led, 8M Ir Mesafesi Kaydet &amp;Amp; Seyret (Windows Media Player) \u0130zleme Pan\/Tilt Kontrol ( Yatay 270\u00b0 , Dikey 120\u00b0 , Cms Ve Uzaktan Kontrol) Hareket Alg\u0131lama Ve G\u00f6nderme \u00b7 Tcp\/Ip, Dhcp, Ftp, Ddns, Smtp Deste\u011fi \u00b7 Rj-45\/10-100 Base T Foto\u011fraf \u00c7ekme &amp;Amp; Video \u00c7ekmekolay Kurulum D\u00fc\u015f\u00fck H\u0131zl\u0131 \u0130nternet Deste\u011fi (C\u0131f) \u015eifre Korumal\u0131 Server Eri\u015fimi Ayn\u0131 Anda 5 Kullan\u0131c\u0131 Ba\u011flanabilme Http Port Ayar\u0131 \u00d6zel G\u00fcvenlik Yaz\u0131l\u0131m\u0131 ( \u00dccretsiz ) \u0130nternet Explorer, Firefox, Chrome Destekli \u00c7oklu Kamera \u0130zleme &amp;Amp; Kaydetme Cms Yaz\u0131l\u0131m Ayn\u0131 Anda 16 Adet Ip Kamera \u0130zleme Hassal\u0131k Ayarl\u0131 Hareket Alg\u0131lama B\u00f6lge Ayarl\u0131 Hareket Alg\u0131lama Zengin Kay\u0131t Modlar\u0131 Playback Modlar\u0131 Web Server Resim Ve Ortam I\u015f\u0131k Ayarlar\u0131 Otomatik Awb Ayar\u0131 Alarm Uyar\u0131 Se\u00e7enekleri Sesli Alarm Dc 5V, 2A<\/p>\n","protected":false},"excerpt":{"rendered":"<p>Osmart Abq5100 Kablosuz Ip G\u00fcvenlik Kameras\u0131 Genel \u00d6zellikler: *Kablosuz \u0130p Kamera Sizi \u015ea\u015f\u0131rtacak Kadar Harika \u00d6zelli\u011fe Sahip Komple Bir G\u00fcvenlik Ve \u0130zleme \u00c7\u00f6z\u00fcm\u00fcd\u00fcr. *T\u00fcrk\u00e7e Men\u00fcl\u00fc Android Ve \u0130os Yaz\u0131l\u0131m\u0131 Play Store Ve Android Markette Mevcuttur. *Kameran\u0131z\u0131 Cep Telefonu ,Tablet Ve Pc Den Ayn\u0131 Anda Kullanabilirsiniz. *Kameran\u0131z\u0131 Uzaktan \u0130zlemenin Yan\u0131nda Cep Telefonunuza Foto\u011fraf Ve Video Kayd\u0131 [&hellip;]<\/p>\n","protected":false},"featured_media":2837,"comment_status":"open","ping_status":"closed","template":"","meta":[],"product_cat":[26],"product_tag":[],"class_list":{"0":"post-2756","1":"product","2":"type-product","3":"status-publish","4":"has-post-thumbnail","6":"product_cat-ip-guvenlik-kameralari","7":"notblog","9":"first","10":"instock","11":"shipping-taxable","12":"purchasable","13":"product-type-simple"},"_links":{"self":[{"href":"https:\/\/wtdemo.link\/audio1\/wp-json\/wp\/v2\/product\/2756","targetHints":{"allow":["GET"]}}],"collection":[{"href":"https:\/\/wtdemo.link\/audio1\/wp-json\/wp\/v2\/product"}],"about":[{"href":"https:\/\/wtdemo.link\/audio1\/wp-json\/wp\/v2\/types\/product"}],"replies":[{"embeddable":true,"href":"https:\/\/wtdemo.link\/audio1\/wp-json\/wp\/v2\/comments?post=2756"}],"wp:featuredmedia":[{"embeddable":true,"href":"https:\/\/wtdemo.link\/audio1\/wp-json\/wp\/v2\/media\/2837"}],"wp:attachment":[{"href":"https:\/\/wtdemo.link\/audio1\/wp-json\/wp\/v2\/media?parent=2756"}],"wp:term":[{"taxonomy":"product_cat","embeddable":true,"href":"https:\/\/wtdemo.link\/audio1\/wp-json\/wp\/v2\/product_cat?post=2756"},{"taxonomy":"product_tag","embeddable":true,"href":"https:\/\/wtdemo.link\/audio1\/wp-json\/wp\/v2\/product_tag?post=2756"}],"curies":[{"name":"wp","href":"https:\/\/api.w.org\/{rel}","templated":true}]}}