{"id":2775,"date":"2022-08-02T16:05:10","date_gmt":"2022-08-02T13:05:10","guid":{"rendered":"https:\/\/wtdemo.link\/audio1\/?post_type=product&#038;p=2775"},"modified":"2022-08-02T16:05:10","modified_gmt":"2022-08-02T13:05:10","slug":"ids-gece-renkli-5mp-lens-1080p-full-hd-ahd-guvenlik-kamerasi-4xultra-warm-led","status":"publish","type":"product","link":"https:\/\/wtdemo.link\/audio1\/product\/ids-gece-renkli-5mp-lens-1080p-full-hd-ahd-guvenlik-kamerasi-4xultra-warm-led\/","title":{"rendered":"IDS Gece Renkli 5MP Lens 1080P Full HD Ahd G\u00fcvenlik Kameras\u0131 &#8211; 4xultra Warm LED"},"content":{"rendered":"<p><strong>G\u00dcVENL\u0130K KAMERASI 1080P GER\u00c7EK FULLHD<\/strong><\/p>\n<p>Z\u0130F\u0130R\u0130 KARANLIKTA 15M, I\u015eIK DESTE\u011e\u0130YLE 200M KADAR NET GECE G\u00d6R\u00dc\u015e\u00dcNE SAH\u0130PT\u0130R.<\/p>\n<p>GECE G\u00d6R\u00dc\u015e RENKL\u0130D\u0130R.<\/p>\n<p>YEN\u0130 NES\u0130L WARM LED<\/p>\n<p>HEM ORTAMI AYDINLATIR. HEMDE KAMERA G\u00d6REV\u0130 G\u00d6R\u00dcR.<\/p>\n<p>IP66 PLAST\u0130K, SU GE\u00c7\u0130RMEZ KASA.<\/p>\n<p>\u0130STED\u0130\u011e\u0130N\u0130Z ORTAM VE ALANDA KULLANAB\u0130L\u0130RS\u0130N\u0130Z.<\/p>\n<p>+55 \/ -15 DERECEYE KADAR B\u00dcT\u00dcN HAVA KO\u015eULLARINA DAYANIKLI<\/p>\n<p>AKROBATIK AYA\u011eI SAYES\u0130NDE \u0130STED\u0130\u011e\u0130N\u0130Z A\u00c7IDA SAB\u0130TLEYEB\u0130L\u0130RS\u0130N\u0130Z.<\/p>\n<p>4X ULTRA WARM LED \u0130LE NET GECE G\u00d6R\u00dc\u015e\u00dc<\/p>\n<p>82 DERECE EXTRA GEN\u0130\u015e A\u00c7ILIDIR.<\/p>\n","protected":false},"excerpt":{"rendered":"<p>G\u00dcVENL\u0130K KAMERASI 1080P GER\u00c7EK FULLHD Z\u0130F\u0130R\u0130 KARANLIKTA 15M, I\u015eIK DESTE\u011e\u0130YLE 200M KADAR NET GECE G\u00d6R\u00dc\u015e\u00dcNE SAH\u0130PT\u0130R. GECE G\u00d6R\u00dc\u015e RENKL\u0130D\u0130R. YEN\u0130 NES\u0130L WARM LED HEM ORTAMI AYDINLATIR. HEMDE KAMERA G\u00d6REV\u0130 G\u00d6R\u00dcR. IP66 PLAST\u0130K, SU GE\u00c7\u0130RMEZ KASA. \u0130STED\u0130\u011e\u0130N\u0130Z ORTAM VE ALANDA KULLANAB\u0130L\u0130RS\u0130N\u0130Z. +55 \/ -15 DERECEYE KADAR B\u00dcT\u00dcN HAVA KO\u015eULLARINA DAYANIKLI AKROBATIK AYA\u011eI SAYES\u0130NDE \u0130STED\u0130\u011e\u0130N\u0130Z A\u00c7IDA SAB\u0130TLEYEB\u0130L\u0130RS\u0130N\u0130Z. [&hellip;]<\/p>\n","protected":false},"featured_media":2776,"comment_status":"open","ping_status":"closed","template":"","meta":[],"product_cat":[34],"product_tag":[],"class_list":{"0":"post-2775","1":"product","2":"type-product","3":"status-publish","4":"has-post-thumbnail","6":"product_cat-ahd-guvenlik-kameralari","7":"notblog","9":"first","10":"instock","11":"shipping-taxable","12":"purchasable","13":"product-type-simple"},"_links":{"self":[{"href":"https:\/\/wtdemo.link\/audio1\/wp-json\/wp\/v2\/product\/2775","targetHints":{"allow":["GET"]}}],"collection":[{"href":"https:\/\/wtdemo.link\/audio1\/wp-json\/wp\/v2\/product"}],"about":[{"href":"https:\/\/wtdemo.link\/audio1\/wp-json\/wp\/v2\/types\/product"}],"replies":[{"embeddable":true,"href":"https:\/\/wtdemo.link\/audio1\/wp-json\/wp\/v2\/comments?post=2775"}],"wp:featuredmedia":[{"embeddable":true,"href":"https:\/\/wtdemo.link\/audio1\/wp-json\/wp\/v2\/media\/2776"}],"wp:attachment":[{"href":"https:\/\/wtdemo.link\/audio1\/wp-json\/wp\/v2\/media?parent=2775"}],"wp:term":[{"taxonomy":"product_cat","embeddable":true,"href":"https:\/\/wtdemo.link\/audio1\/wp-json\/wp\/v2\/product_cat?post=2775"},{"taxonomy":"product_tag","embeddable":true,"href":"https:\/\/wtdemo.link\/audio1\/wp-json\/wp\/v2\/product_tag?post=2775"}],"curies":[{"name":"wp","href":"https:\/\/api.w.org\/{rel}","templated":true}]}}