{"id":2840,"date":"2022-08-02T17:45:00","date_gmt":"2022-08-02T14:45:00","guid":{"rendered":"https:\/\/wtdemo.link\/audio1\/?post_type=product&#038;p=2840"},"modified":"2024-11-10T19:44:33","modified_gmt":"2024-11-10T16:44:33","slug":"keepro-power-guc-kablosu-tv-radyo-notebook-adaptor-fisi","status":"publish","type":"product","link":"https:\/\/wtdemo.link\/audio1\/product\/keepro-power-guc-kablosu-tv-radyo-notebook-adaptor-fisi\/","title":{"rendered":"Keepro power g\u00fc\u00e7 kablosu tv-radyo -notebook adapt\u00f6r fi\u015fi"},"content":{"rendered":"<p><strong>OEM Ac Power G\u00fc\u00e7 Kablosu Tv-Radyo -Notebook Adapt\u00f6r I\u00e7in 2 Pin Teyip Fi\u015fi 2 M<\/strong><br \/>\nAC g\u00fc\u00e7 kablosu tv-radyo -notebook adapt\u00f6r i\u00e7in 2 pin teyip fi\u015fi 2m\u00d6zelliklerEsnek g\u00fc\u00e7 kablomuz dayan\u0131kl\u0131 ve hafif olacak \u015fekilde tasarlanm\u0131\u015ft\u0131r. Kablo, g\u00fcvenilir bir g\u00fc\u00e7 ba\u011flant\u0131s\u0131 sa\u011flamak i\u00e7in dayan\u0131kl\u0131 bir PVC ceketle kaplanm\u0131\u015ft\u0131r.G\u00fc\u00e7 kablosu masa\u00fcst\u00fc bilgisayar bilgisayar, taray\u0131c\u0131lar, yaz\u0131c\u0131lar, LED TV monit\u00f6rleri, projekt\u00f6rler, elektrikli hoparl\u00f6rler, Apple TV, Sony PS4, PS3 Slim Edition i\u00e7in kullan\u0131labilir, 2 pinli g\u00fc\u00e7 konekt\u00f6r\u00fcne sahip PS2 ve di\u011fer cihazlar.\u00d6zellikler:\u00d6\u011fe: g\u00fc\u00e7 kablosu 2 x 0.75Renk: siyahMalzeme: PVC ve bak\u0131rUzunluk: 2 metre Fi\u015f: ab fi\u015f\/abd fi\u015f\/\u0130ngiltere takG\u00fc\u00e7: 625 W (250 V 2.5A)Paket \u0130\u00e7eri\u011fi1 adet g\u00fc\u00e7 kablosu.<\/p>\n","protected":false},"excerpt":{"rendered":"<p>OEM Ac Power G\u00fc\u00e7 Kablosu Tv-Radyo -Notebook Adapt\u00f6r I\u00e7in 2 Pin Teyip Fi\u015fi 2 M AC g\u00fc\u00e7 kablosu tv-radyo -notebook adapt\u00f6r i\u00e7in 2 pin teyip fi\u015fi 2m\u00d6zelliklerEsnek g\u00fc\u00e7 kablomuz dayan\u0131kl\u0131 ve hafif olacak \u015fekilde tasarlanm\u0131\u015ft\u0131r. Kablo, g\u00fcvenilir bir g\u00fc\u00e7 ba\u011flant\u0131s\u0131 sa\u011flamak i\u00e7in dayan\u0131kl\u0131 bir PVC ceketle kaplanm\u0131\u015ft\u0131r.G\u00fc\u00e7 kablosu masa\u00fcst\u00fc bilgisayar bilgisayar, taray\u0131c\u0131lar, yaz\u0131c\u0131lar, LED TV [&hellip;]<\/p>\n","protected":false},"featured_media":2841,"comment_status":"open","ping_status":"closed","template":"","meta":[],"product_cat":[29],"product_tag":[],"class_list":{"0":"post-2840","1":"product","2":"type-product","3":"status-publish","4":"has-post-thumbnail","6":"product_cat-kablo-cesitleri","7":"notblog","9":"first","10":"instock","11":"shipping-taxable","12":"purchasable","13":"product-type-simple"},"_links":{"self":[{"href":"https:\/\/wtdemo.link\/audio1\/wp-json\/wp\/v2\/product\/2840","targetHints":{"allow":["GET"]}}],"collection":[{"href":"https:\/\/wtdemo.link\/audio1\/wp-json\/wp\/v2\/product"}],"about":[{"href":"https:\/\/wtdemo.link\/audio1\/wp-json\/wp\/v2\/types\/product"}],"replies":[{"embeddable":true,"href":"https:\/\/wtdemo.link\/audio1\/wp-json\/wp\/v2\/comments?post=2840"}],"wp:featuredmedia":[{"embeddable":true,"href":"https:\/\/wtdemo.link\/audio1\/wp-json\/wp\/v2\/media\/2841"}],"wp:attachment":[{"href":"https:\/\/wtdemo.link\/audio1\/wp-json\/wp\/v2\/media?parent=2840"}],"wp:term":[{"taxonomy":"product_cat","embeddable":true,"href":"https:\/\/wtdemo.link\/audio1\/wp-json\/wp\/v2\/product_cat?post=2840"},{"taxonomy":"product_tag","embeddable":true,"href":"https:\/\/wtdemo.link\/audio1\/wp-json\/wp\/v2\/product_tag?post=2840"}],"curies":[{"name":"wp","href":"https:\/\/api.w.org\/{rel}","templated":true}]}}