{"id":2850,"date":"2022-08-02T18:03:40","date_gmt":"2022-08-02T15:03:40","guid":{"rendered":"https:\/\/wtdemo.link\/audio1\/?post_type=product&#038;p=2850"},"modified":"2022-08-02T18:03:40","modified_gmt":"2022-08-02T15:03:40","slug":"boya-by-mm1-condenser-mikrofon","status":"publish","type":"product","link":"https:\/\/wtdemo.link\/audio1\/product\/boya-by-mm1-condenser-mikrofon\/","title":{"rendered":"Boya BY-MM1 Condenser Mikrofon"},"content":{"rendered":"<p>Boya BY-MM1 Condenser Mikrofon<\/p>\n<p>Marka: Boya<\/p>\n<p>Model: BY-MM1<\/p>\n<p>\u00dcr\u00fcn bir\u00e7ok cihaz ile uyumludur ve video \u00e7ekimlerinizde daha kaliteli ses alman\u0131z\u0131 sa\u011flar. Alt k\u0131sm\u0131ndaki ba\u011flant\u0131 k\u0131za\u011f\u0131 ve tripod yuvas\u0131 sayesinde foto\u011fraf makinan\u0131z\u0131n flash k\u0131za\u011f\u0131na veya 1\/4&#8243; vidaya monte edebilirsiniz. Ba\u011flan\u0131 k\u0131sm\u0131ndaki esnek par\u00e7a sayesinde titresimlerden olu\u015fabilecek g\u00fcr\u00fclt\u00fcy\u00fc emer. Standart 3.5mm stereo giri\u015f ile cihaz\u0131n\u0131za ba\u011flan\u0131r<\/p>\n<p>Kompakt, hafif ve sa\u011flam metal yap\u0131<br \/>\nD\u00fc\u015f\u00fck dip g\u00fcr\u00fclt\u00fcs\u00fc<br \/>\nTemiz ve net ses sa\u011flayan mikrofon<br \/>\nDahili \u015fok emici sars\u0131nt\u0131dan kaynaklanan g\u00fcr\u00fclt\u00fcleri engeller<br \/>\nMikrofon t\u00fcy\u00fc r\u00fczgar g\u00fcr\u00fclt\u00fcs\u00fcn\u00fc b\u00fcy\u00fck \u00f6l\u00e7\u00fcde engeller<\/p>\n<p>Uyumluluk: Dslr foto\u011fraf makinas\u0131, video kamera, baz\u0131 kompakt foto\u011fraf makinalar\u0131, bilgisayar, ses kay\u0131t cihaz\u0131, ak\u0131ll\u0131 telefon v.b bir\u00e7ok cihazda kullan\u0131labilir. 3.5mm ses giiri\u015fine sahip bir\u00e7ok cihazda \u00e7al\u0131\u015fmaktad\u0131r, giri\u015f konnekt\u00f6r\u00fc uyumsuz ise \u00e7e\u015fitli d\u00f6n\u00fc\u015ft\u00fcr\u00fcc\u00fcler ile birlikte de kullan\u0131labilir.<\/p>\n<p>Not: Kutu i\u00e7eri\u011finde telefon ve di\u011fer cihazlarda kullan\u0131lmak \u00fczere 2 adet ara ba\u011flant\u0131 kablosu mevcuttur.<\/p>\n","protected":false},"excerpt":{"rendered":"<p>Boya BY-MM1 Condenser Mikrofon Marka: Boya Model: BY-MM1 \u00dcr\u00fcn bir\u00e7ok cihaz ile uyumludur ve video \u00e7ekimlerinizde daha kaliteli ses alman\u0131z\u0131 sa\u011flar. Alt k\u0131sm\u0131ndaki ba\u011flant\u0131 k\u0131za\u011f\u0131 ve tripod yuvas\u0131 sayesinde foto\u011fraf makinan\u0131z\u0131n flash k\u0131za\u011f\u0131na veya 1\/4&#8243; vidaya monte edebilirsiniz. Ba\u011flan\u0131 k\u0131sm\u0131ndaki esnek par\u00e7a sayesinde titresimlerden olu\u015fabilecek g\u00fcr\u00fclt\u00fcy\u00fc emer. Standart 3.5mm stereo giri\u015f ile cihaz\u0131n\u0131za ba\u011flan\u0131r Kompakt, [&hellip;]<\/p>\n","protected":false},"featured_media":2851,"comment_status":"open","ping_status":"closed","template":"","meta":[],"product_cat":[67],"product_tag":[],"class_list":{"0":"post-2850","1":"product","2":"type-product","3":"status-publish","4":"has-post-thumbnail","6":"product_cat-kamera-aksesuarlari","7":"notblog","9":"first","10":"instock","11":"shipping-taxable","12":"purchasable","13":"product-type-simple"},"_links":{"self":[{"href":"https:\/\/wtdemo.link\/audio1\/wp-json\/wp\/v2\/product\/2850","targetHints":{"allow":["GET"]}}],"collection":[{"href":"https:\/\/wtdemo.link\/audio1\/wp-json\/wp\/v2\/product"}],"about":[{"href":"https:\/\/wtdemo.link\/audio1\/wp-json\/wp\/v2\/types\/product"}],"replies":[{"embeddable":true,"href":"https:\/\/wtdemo.link\/audio1\/wp-json\/wp\/v2\/comments?post=2850"}],"wp:featuredmedia":[{"embeddable":true,"href":"https:\/\/wtdemo.link\/audio1\/wp-json\/wp\/v2\/media\/2851"}],"wp:attachment":[{"href":"https:\/\/wtdemo.link\/audio1\/wp-json\/wp\/v2\/media?parent=2850"}],"wp:term":[{"taxonomy":"product_cat","embeddable":true,"href":"https:\/\/wtdemo.link\/audio1\/wp-json\/wp\/v2\/product_cat?post=2850"},{"taxonomy":"product_tag","embeddable":true,"href":"https:\/\/wtdemo.link\/audio1\/wp-json\/wp\/v2\/product_tag?post=2850"}],"curies":[{"name":"wp","href":"https:\/\/api.w.org\/{rel}","templated":true}]}}