{"id":2856,"date":"2022-08-02T18:09:28","date_gmt":"2022-08-02T15:09:28","guid":{"rendered":"https:\/\/wtdemo.link\/audio1\/?post_type=product&#038;p=2856"},"modified":"2022-08-02T18:09:28","modified_gmt":"2022-08-02T15:09:28","slug":"dp-sony-a7-r3-icin-silikon-koruma-kilifi-siyah","status":"publish","type":"product","link":"https:\/\/wtdemo.link\/audio1\/product\/dp-sony-a7-r3-icin-silikon-koruma-kilifi-siyah\/","title":{"rendered":"DP Sony A7 R3 I\u00e7in Silikon Koruma K\u0131l\u0131f\u0131 Siyah"},"content":{"rendered":"<p>SONY A7R3 Uyumlu Silikon K\u0131l\u0131f (Siyah)<\/p>\n","protected":false},"excerpt":{"rendered":"<p>SONY A7R3 Uyumlu Silikon K\u0131l\u0131f (Siyah)<\/p>\n","protected":false},"featured_media":2857,"comment_status":"open","ping_status":"closed","template":"","meta":[],"product_cat":[67],"product_tag":[],"class_list":{"0":"post-2856","1":"product","2":"type-product","3":"status-publish","4":"has-post-thumbnail","6":"product_cat-kamera-aksesuarlari","7":"notblog","9":"first","10":"instock","11":"shipping-taxable","12":"purchasable","13":"product-type-simple"},"_links":{"self":[{"href":"https:\/\/wtdemo.link\/audio1\/wp-json\/wp\/v2\/product\/2856","targetHints":{"allow":["GET"]}}],"collection":[{"href":"https:\/\/wtdemo.link\/audio1\/wp-json\/wp\/v2\/product"}],"about":[{"href":"https:\/\/wtdemo.link\/audio1\/wp-json\/wp\/v2\/types\/product"}],"replies":[{"embeddable":true,"href":"https:\/\/wtdemo.link\/audio1\/wp-json\/wp\/v2\/comments?post=2856"}],"wp:featuredmedia":[{"embeddable":true,"href":"https:\/\/wtdemo.link\/audio1\/wp-json\/wp\/v2\/media\/2857"}],"wp:attachment":[{"href":"https:\/\/wtdemo.link\/audio1\/wp-json\/wp\/v2\/media?parent=2856"}],"wp:term":[{"taxonomy":"product_cat","embeddable":true,"href":"https:\/\/wtdemo.link\/audio1\/wp-json\/wp\/v2\/product_cat?post=2856"},{"taxonomy":"product_tag","embeddable":true,"href":"https:\/\/wtdemo.link\/audio1\/wp-json\/wp\/v2\/product_tag?post=2856"}],"curies":[{"name":"wp","href":"https:\/\/api.w.org\/{rel}","templated":true}]}}