{"id":5586,"date":"2024-04-15T17:46:05","date_gmt":"2024-04-15T14:46:05","guid":{"rendered":"https:\/\/wtdemo.link\/doktor1\/?page_id=5586"},"modified":"2024-04-15T17:46:39","modified_gmt":"2024-04-15T14:46:39","slug":"cok-kirecli-koroner-damarlarin-ozel-isitici-bir-balon-ile-islemi","status":"publish","type":"page","link":"https:\/\/wtdemo.link\/doktor1\/cok-kirecli-koroner-damarlarin-ozel-isitici-bir-balon-ile-islemi","title":{"rendered":"\u00c7ok Kire\u00e7li Koroner Damarlar\u0131n \u00d6zel Is\u0131t\u0131c\u0131 Bir Balon ile \u0130\u015flemi"},"content":{"rendered":"\t\t<div data-elementor-type=\"wp-page\" data-elementor-id=\"5586\" class=\"elementor elementor-5586\">\n\t\t\t\t<div class=\"elementor-element elementor-element-640465ed e-flex e-con-boxed e-con e-parent\" data-id=\"640465ed\" data-element_type=\"container\" data-core-v316-plus=\"true\">\n\t\t\t\t\t<div class=\"e-con-inner\">\n\t\t<div class=\"elementor-element elementor-element-41e03b99 e-flex e-con-boxed e-con e-child\" data-id=\"41e03b99\" data-element_type=\"container\">\n\t\t\t\t\t<div class=\"e-con-inner\">\n\t\t\t\t<div class=\"elementor-element elementor-element-4ab4931e elementor-widget elementor-widget-text-editor\" data-id=\"4ab4931e\" data-element_type=\"widget\" data-widget_type=\"text-editor.default\">\n\t\t\t\t<div class=\"elementor-widget-container\">\n\t\t\t<style>\/*! elementor - v3.20.0 - 10-04-2024 *\/\n.elementor-widget-text-editor.elementor-drop-cap-view-stacked .elementor-drop-cap{background-color:#69727d;color:#fff}.elementor-widget-text-editor.elementor-drop-cap-view-framed .elementor-drop-cap{color:#69727d;border:3px solid;background-color:transparent}.elementor-widget-text-editor:not(.elementor-drop-cap-view-default) .elementor-drop-cap{margin-top:8px}.elementor-widget-text-editor:not(.elementor-drop-cap-view-default) .elementor-drop-cap-letter{width:1em;height:1em}.elementor-widget-text-editor .elementor-drop-cap{float:left;text-align:center;line-height:1;font-size:50px}.elementor-widget-text-editor .elementor-drop-cap-letter{display:inline-block}<\/style>\t\t\t\t<h3><strong>Damar T\u0131kan\u0131kl\u0131\u011f\u0131nda Balon Tedavisi Nedir?<\/strong><\/h3><p><strong>Damar t\u0131kan\u0131kl\u0131\u011f\u0131 nedir ve neden olur?<\/strong><\/p><p>Damar t\u0131kan\u0131kl\u0131\u011f\u0131, kan damarlar\u0131n\u0131n i\u00e7 y\u00fczeyine birikerek olu\u015fan plaklar\u0131n arterleri daraltmas\u0131 veya t\u0131kamas\u0131 sonucu olu\u015fan bir durumdur. Bu plaklar genellikle kolesterol, ya\u011f, kalsiyum ve di\u011fer maddelerin birikimiyle olu\u015fur. Damar t\u0131kan\u0131kl\u0131\u011f\u0131, kan ak\u0131\u015f\u0131n\u0131 engelleyerek dokulara yeterli oksijen ve besin maddesi ta\u015f\u0131nmas\u0131n\u0131 engeller. Bu durum kalp krizi, inme veya di\u011fer ciddi sa\u011fl\u0131k sorunlar\u0131na yol a\u00e7abilir. Damar t\u0131kan\u0131kl\u0131\u011f\u0131, y\u00fcksek tansiyon, sigara i\u00e7me, obezite, y\u00fcksek kolesterol, diyabet gibi fakt\u00f6rlerden etkilenebilir.<\/p><p><strong>Balon tedavisi nedir ve nas\u0131l i\u015fler?<\/strong><\/p><p>Balon tedavisi, t\u0131kanm\u0131\u015f veya daralm\u0131\u015f bir koroner arterin geni\u015fletilmesi i\u00e7in kullan\u0131lan bir tedavi y\u00f6ntemidir. Bu i\u015flem s\u0131ras\u0131nda, \u00f6zel bir balon kateteri, arterin darald\u0131\u011f\u0131 b\u00f6lgeye y\u00f6nlendirilir. Balon, daralm\u0131\u015f alana ula\u015ft\u0131\u011f\u0131nda \u015fi\u015firilerek arterin a\u00e7\u0131lmas\u0131n\u0131 sa\u011flar. Balonun \u015fi\u015firilmesi, plak birikimini s\u0131k\u0131\u015ft\u0131rarak arterin geni\u015flemesini ve kan ak\u0131\u015f\u0131n\u0131n iyile\u015fmesini sa\u011flar.<\/p><p><strong>Balon tedavisinin ama\u00e7lar\u0131 nelerdir?<\/strong><\/p><p>Balon tedavisinin temel amac\u0131, t\u0131kanm\u0131\u015f olan damar\u0131n a\u00e7\u0131lmas\u0131n\u0131 sa\u011flamak ve kan ak\u0131\u015f\u0131n\u0131 restore etmektir. Bu \u015fekilde, kalp krizi riski azalt\u0131l\u0131r, semptomlar hafifletilir ve ya\u015fam kalitesi art\u0131r\u0131l\u0131r. Balon tedavisi ayr\u0131ca koroner arter bypass cerrahisi gibi daha invaziv y\u00f6ntemlere alternatif olabilir.<\/p><p><strong>Balon tedavisi kimlere uygulanabilir?<\/strong><\/p><p>Balon tedavisi, koroner arter hastal\u0131\u011f\u0131 olan ve t\u0131kan\u0131kl\u0131\u011f\u0131 olan ki\u015filere uygulanabilir. Bu tedavi y\u00f6ntemi, anjiyo s\u0131ras\u0131nda damarlarda t\u0131kan\u0131kl\u0131k saptanan hastalarda genellikle tercih edilen bir se\u00e7enektir. Balon tedavisi, semptomlar\u0131 kontrol alt\u0131na almak, kan ak\u0131\u015f\u0131n\u0131 iyile\u015ftirmek ve kalp krizi riskini azaltmak i\u00e7in kullan\u0131l\u0131r. Uygulanabilirlik, hastan\u0131n genel sa\u011fl\u0131k durumu, t\u0131kan\u0131kl\u0131k derecesi ve damarlar\u0131n\u0131n yap\u0131sal \u00f6zelliklerine ba\u011fl\u0131 olarak de\u011ferlendirilir. Uzman bir kardiyolog taraf\u0131ndan hastan\u0131n durumuna g\u00f6re karar verilir. \u0130stanbul, \u015ei\u015fli&#8217;deki Prof. Dr. Ali Metin Esen, balon tedavisi konusunda uzmanla\u015fm\u0131\u015f bir doktordur ve bu tedavi y\u00f6ntemini uygulayabilir.<\/p><p>\u00a0<\/p><p><strong>Balonlu Anjiyo Nas\u0131l Yap\u0131l\u0131r?<\/strong><\/p><p><strong>Anjiyo nedir ve nas\u0131l uygulan\u0131r?<\/strong><\/p><p>Anjiyo, koroner arterlerin veya di\u011fer b\u00fcy\u00fck damarlar\u0131n i\u00e7 yap\u0131s\u0131n\u0131 de\u011ferlendirmek ve tedavi etmek i\u00e7in kullan\u0131lan invaziv bir i\u015flemdir. Bu i\u015flem s\u0131ras\u0131nda, bir kateter (ince, esnek bir t\u00fcp) kas\u0131k veya kol atardamarlar\u0131ndan birine yerle\u015ftirilir ve damar boyunca ilerletilir. Kateter, \u00f6zel bir kontrast madde enjekte ederek damarlar\u0131n r\u00f6ntgen g\u00f6r\u00fcnt\u00fclerinin al\u0131nmas\u0131n\u0131 sa\u011flar. Bu g\u00f6r\u00fcnt\u00fcler, damarlar\u0131n daralmas\u0131, t\u0131kanmas\u0131 veya di\u011fer anormallikleri g\u00f6sterir.<\/p><p><strong>Balonlu anjiyo nedir ve nas\u0131l farkl\u0131l\u0131k g\u00f6sterir?<\/strong><\/p><p>Balonlu anjiyo, anjiyo i\u015flemine ek olarak daralm\u0131\u015f veya t\u0131kanm\u0131\u015f bir damar\u0131n a\u00e7\u0131lmas\u0131 i\u00e7in balon kullan\u0131lmas\u0131 anlam\u0131na gelir. Balonlu anjiyo i\u015flemi, anjiyo kateteri \u00fczerinde yerle\u015ftirilmi\u015f bir balon i\u00e7erir. Balon, daralm\u0131\u015f b\u00f6lgeye kadar ilerletilir ve ard\u0131ndan balon \u015fi\u015firilerek damar\u0131n geni\u015flemesi sa\u011flan\u0131r. Bu geni\u015fleme, plaklar\u0131 s\u0131k\u0131\u015ft\u0131rarak damar\u0131n a\u00e7\u0131lmas\u0131n\u0131 ve kan ak\u0131\u015f\u0131n\u0131n iyile\u015fmesini sa\u011flar.<\/p><p><strong>Balonlu anjiyo i\u015flemi ad\u0131mlar\u0131 nelerdir?<\/strong><\/p><ul><li>Balonlu anjiyo i\u015flemi a\u015fa\u011f\u0131daki ad\u0131mlar\u0131 i\u00e7erir:<\/li><li>Hastaya lokal anestezi uygulan\u0131r ve kas\u0131k veya kol atardamar\u0131na eri\u015fim sa\u011flan\u0131r.<\/li><li>\u0130nce bir kateter, damar boyunca ilerletilir ve daralm\u0131\u015f alana y\u00f6nlendirilir.<\/li><li>Balon, daralm\u0131\u015f b\u00f6lgenin \u00fczerine yerle\u015ftirilir ve r\u00f6ntgen g\u00f6r\u00fcnt\u00fcleme e\u015fli\u011finde do\u011fru konumland\u0131r\u0131l\u0131r.<\/li><li>Balon \u015fi\u015firilir, b\u00f6ylece plaklar s\u0131k\u0131\u015ft\u0131r\u0131l\u0131r ve damar geni\u015fler.<\/li><li>Balon \u015fi\u015firildikten sonra, r\u00f6ntgen g\u00f6r\u00fcnt\u00fcleme ile damar\u0131n a\u00e7\u0131ld\u0131\u011f\u0131 ve kan ak\u0131\u015f\u0131n\u0131n d\u00fczeldi\u011fi do\u011frulan\u0131r.<\/li><li>Balon, sonunda bo\u015falt\u0131l\u0131r ve \u00e7\u0131kar\u0131l\u0131r, ancak kateter yerinde b\u0131rak\u0131l\u0131r gerekirse di\u011fer tedavi se\u00e7enekleri uygulanabilir.<\/li><\/ul><p><strong>\u0130stanbul, \u015ei\u015fli&#8217;deki Prof. Dr. Ali Metin Esen&#8217;in balonlu anjiyo konusundaki uzmanl\u0131\u011f\u0131<\/strong><\/p><p>Prof. Dr. Ali Metin Esen, \u0130stanbul, \u015ei\u015fli&#8217;de bulunan bir uzmand\u0131r ve balonlu anjiyo konusunda geni\u015f bir uzmanl\u0131\u011fa sahiptir. Prof. Dr. Esen, y\u0131llar\u0131n deneyimine ve ileri teknik bilgisine dayanarak kalp ve damar hastal\u0131klar\u0131n\u0131n tan\u0131 ve tedavisi konusunda lider bir isimdir. Balonlu anjiyo i\u015flemi konusunda derinlemesine bilgi ve deneyime sahip olmas\u0131, hastalar\u0131n etkin ve g\u00fcvenli bir \u015fekilde tedavi edilmesini sa\u011flar. Prof. Dr. Esen, hasta odakl\u0131 yakla\u015f\u0131m\u0131yla hastalar\u0131na en iyi tedavi se\u00e7eneklerini sunmak i\u00e7in \u00e7al\u0131\u015f\u0131r ve bu alanda takip edilen en son geli\u015fmeleri takip eder.<\/p><p>\u00a0<\/p><p><strong>Kalbe Balon Tak\u0131lmas\u0131 Riskli mi?<\/strong><\/p><p>Kalbe balon tak\u0131lmas\u0131, y\u00fcksek riskli bir i\u015flem olabilir, ancak riskler, uzman bir kardiyolog taraf\u0131ndan dikkatli bir \u015fekilde de\u011ferlendirildi\u011finde genellikle kontrol alt\u0131na al\u0131nabilir. \u0130\u015flemin ba\u015far\u0131l\u0131 bir \u015fekilde ger\u00e7ekle\u015ftirilmesi ve komplikasyon riskinin azalt\u0131lmas\u0131 i\u00e7in \u00f6nlemler al\u0131n\u0131r. \u0130\u015fte kalbe balon tak\u0131lmas\u0131yla ilgili olas\u0131 riskler ve al\u0131nabilecek \u00f6nlemler:<\/p><p><strong>Anesteziye ba\u011fl\u0131 riskler<\/strong>: \u0130\u015flem s\u0131ras\u0131nda kullan\u0131lan anesteziye ba\u011fl\u0131 riskler bulunmaktad\u0131r. Genellikle lokal anestezi kullan\u0131lsa da nadiren genel anestezi gerektiren durumlar olabilir. Anestezi riskleri, hastan\u0131n genel sa\u011fl\u0131k durumu ve anesteziyi uygulayan uzman taraf\u0131ndan dikkate al\u0131n\u0131r. Anestezi uzman\u0131n\u0131n y\u00f6nlendirmeleri ve takibiyle riskler minimize edilebilir.<\/p><p><strong>Kanama:<\/strong> \u0130\u015flem s\u0131ras\u0131nda kas\u0131k veya kol atardamarlar\u0131ndan girildi\u011finde, damar hasar\u0131 veya kanama riski olabilir. Bu risk, dikkatli bir \u015fekilde artere eri\u015fim sa\u011flayan deneyimli bir kardiyolog taraf\u0131ndan minimize edilir. Kanama riskini azaltmak i\u00e7in bas\u0131n\u00e7 uygulanabilir ve gerekirse damar kapat\u0131c\u0131 cihazlar kullan\u0131labilir.<\/p><p><strong>Damar yaralanmas\u0131:<\/strong> Kateterin artere yerle\u015ftirilmesi s\u0131ras\u0131nda damar yaralanmas\u0131 riski mevcuttur. Bu, damar\u0131n zarar g\u00f6rmesi, delinmesi veya y\u0131rt\u0131lmas\u0131 anlam\u0131na gelir. Yine, deneyimli bir kardiyolog taraf\u0131ndan i\u015flem ger\u00e7ekle\u015ftirildi\u011finde bu risk minimize edilebilir. Damar yaralanmas\u0131n\u0131 \u00f6nlemek i\u00e7in dikkatli bir kateter y\u00f6nlendirmesi ve arterin do\u011fru bir \u015fekilde de\u011ferlendirilmesi \u00f6nemlidir.<\/p><p><strong>Tromboz ve emboli:<\/strong> Balonlu anjiyo s\u0131ras\u0131nda plaklar\u0131n s\u0131k\u0131\u015ft\u0131r\u0131lmas\u0131 ve arterin geni\u015fletilmesi nedeniyle tromboz (p\u0131ht\u0131 olu\u015fumu) ve emboli (p\u0131ht\u0131 par\u00e7ac\u0131klar\u0131n\u0131n dola\u015f\u0131m sistemiyle ta\u015f\u0131nmas\u0131) riski vard\u0131r. Bu nedenle, i\u015flem s\u0131ras\u0131nda p\u0131ht\u0131 \u00f6nleyici ila\u00e7lar kullan\u0131labilir ve gerekti\u011finde stent yerle\u015ftirilerek damar\u0131n a\u00e7\u0131k kalmas\u0131 sa\u011flanabilir.<\/p><p><strong>R\u00f6ntgen \u0131\u015f\u0131nlar\u0131na maruz kalma:<\/strong> Balonlu anjiyo i\u015flemi s\u0131ras\u0131nda r\u00f6ntgen g\u00f6r\u00fcnt\u00fcleme kullan\u0131l\u0131r ve bu da hastan\u0131n bir miktar radyasyona maruz kalmas\u0131na neden olabilir. Ancak, kullan\u0131lan radyasyon dozu genellikle g\u00fcvenli s\u0131n\u0131rlar i\u00e7indedir. Uygun koruyucu \u00f6nl\u00fck ve \u00f6nl\u00fckler, radyasyon maruziyetini minimize etmek i\u00e7in kullan\u0131labilir.<\/p><p>Bu risklerin \u00f6nlenebilmesi veya azalt\u0131labilmesi i\u00e7in \u00f6nemli olan, Prof. Dr. Ali Metin Esen taraf\u0131ndan i\u015flemin ger\u00e7ekle\u015ftirilmesi ve hasta \u00f6zelliklerinin dikkatlice de\u011ferlendirilmesidir. Risk fakt\u00f6rleri ve olas\u0131 komplikasyonlar, her hasta i\u00e7in bireysel olarak de\u011ferlendirilmeli ve uygun \u00f6nlemler al\u0131nmal\u0131d\u0131r. Prof. Dr. Ali Metin Esen gibi uzmanlar, geni\u015f bir deneyime sahip olup, bu riskleri y\u00f6netmede ve komplikasyonlar\u0131 minimize etmede \u00f6nemli bir rol oynarlar.<\/p><p>\u00a0<\/p><p><strong>Anjiyoda A\u00e7\u0131lmayan Damar Durumunda Ne Yap\u0131l\u0131r?<\/strong><\/p><p>Anjiyo sonras\u0131 damar\u0131n a\u00e7\u0131lmamas\u0131 durumu, t\u0131bbi bir komplikasyon olarak kabul edilir ve genellikle restenoz olarak adland\u0131r\u0131l\u0131r. Restenoz, daralm\u0131\u015f veya t\u0131kanm\u0131\u015f bir damar\u0131n, balonlu anjiyo veya stent yerle\u015ftirme i\u015flemi sonras\u0131nda tekrar daralmas\u0131 veya kapanmas\u0131 anlam\u0131na gelir. Bu durumda, alternatif tedavi y\u00f6ntemleri de\u011ferlendirilebilir. \u0130\u015fte baz\u0131 olas\u0131 tedavi se\u00e7enekleri:<\/p><p><strong>Stent yerle\u015ftirme:<\/strong> E\u011fer anjiyo s\u0131ras\u0131nda stent yerle\u015ftirilmediyse veya yerle\u015ftirilen stent t\u0131kanm\u0131\u015fsa, yeni bir stent yerle\u015ftirilmesi d\u00fc\u015f\u00fcn\u00fclebilir. Stent, daralm\u0131\u015f b\u00f6lgeyi a\u00e7\u0131k tutmak ve kan ak\u0131\u015f\u0131n\u0131 iyile\u015ftirmek i\u00e7in kullan\u0131lan metal bir t\u00fcpt\u00fcr. Yeni bir stentin yerle\u015ftirilmesi, daralm\u0131\u015f b\u00f6lgenin geni\u015flemesini ve damar\u0131n a\u00e7\u0131k kalmas\u0131n\u0131 sa\u011flayabilir.<\/p><p><strong>Baypas cerrahisi:<\/strong> Restenoz durumunda, bazen baypas cerrahisi gibi invaziv bir i\u015flem gerekebilir. Baypas cerrahisi, t\u0131kanm\u0131\u015f damar\u0131n yan\u0131ndan yeni bir damar al\u0131narak veya g\u00f6\u011f\u00fcs veya bacak atardamarlar\u0131ndan al\u0131nan damarlar kullan\u0131larak t\u0131kanm\u0131\u015f b\u00f6lgenin atlanmas\u0131 ve normal kan ak\u0131\u015f\u0131n\u0131n yeniden sa\u011flanmas\u0131d\u0131r. Bu i\u015flem genellikle daha karma\u015f\u0131k bir prosed\u00fcrd\u00fcr ve anjiyo veya stent yerle\u015ftirme yap\u0131lamayan durumlarda tercih edilebilir.<\/p><p><strong>\u00d6zel \u0131s\u0131t\u0131c\u0131 balon (Rotablator):<\/strong> \u00c7ok kire\u00e7li koroner damarlarda daralma oldu\u011funda, bazen \u00f6zel bir \u0131s\u0131t\u0131c\u0131 balon olan Rotablator kullan\u0131labilir. Rotablator, daralm\u0131\u015f b\u00f6lgedeki kire\u00e7 birikimini \u00e7\u0131karmak i\u00e7in d\u00f6nen bir elmas u\u00e7lu balon kullan\u0131r. Balon, y\u00fcksek h\u0131zda d\u00f6nerken kire\u00e7 birikimini par\u00e7alar ve damar\u0131 a\u00e7maya yard\u0131mc\u0131 olur. Bu y\u00f6ntem, di\u011fer y\u00f6ntemlerin etkisiz oldu\u011fu veya kullan\u0131lamad\u0131\u011f\u0131 durumlarda d\u00fc\u015f\u00fcn\u00fclebilir.<\/p><p>\u00c7ok kire\u00e7li koroner damarlar\u0131n \u00f6zel \u0131s\u0131t\u0131c\u0131 bir balon (Rotablator) ile i\u015flenmesi, bir\u00e7ok fayda sa\u011flayabilir. Rotablator, kire\u00e7 birikimini etkili bir \u015fekilde par\u00e7alayarak damar\u0131 a\u00e7abilir ve kan ak\u0131\u015f\u0131n\u0131 iyile\u015ftirebilir. Ancak, bu y\u00f6ntem de riskler i\u00e7erir ve deneyimli bir kardiyolog taraf\u0131ndan ger\u00e7ekle\u015ftirilmesi \u00f6nemlidir. \u0130\u015flem s\u0131ras\u0131nda olas\u0131 riskler aras\u0131nda damar yaralanmas\u0131, diseksiyon (damar tabakalar\u0131n\u0131n ayr\u0131lmas\u0131) ve emboli (p\u0131ht\u0131 par\u00e7ac\u0131klar\u0131n\u0131n dola\u015f\u0131m sistemiyle ta\u015f\u0131nmas\u0131) yer al\u0131r. Bu nedenle, hasta \u00f6zellikleri dikkate al\u0131narak en uygun tedavi se\u00e7ene\u011fi belirlenmelidir.<\/p><p>\u00a0<\/p><p><strong>\u00c7ok Kire\u00e7li Koroner Damarlar\u0131n \u00d6zel Is\u0131t\u0131c\u0131 Bir Balon \u0130le \u0130\u015flemi<\/strong><\/p><p>\u00c7ok kire\u00e7li koroner damarlar, ateroskleroz ad\u0131 verilen bir durumla ili\u015fkilendirilir. Bu durumda, damarlar kire\u00e7lenir ve plaklar olu\u015fur, bu da damarlar\u0131n daralmas\u0131na ve kan ak\u0131\u015f\u0131n\u0131n engellenmesine neden olur. \u00c7ok kire\u00e7li damarlar, tedavi a\u00e7\u0131s\u0131ndan zorluklar sunabilir \u00e7\u00fcnk\u00fc plaklar sertle\u015fmi\u015f ve kat\u0131la\u015fm\u0131\u015ft\u0131r, bu da onlar\u0131 daha zor k\u0131r\u0131labilir hale getirir.<\/p><p>\u00d6zel \u0131s\u0131t\u0131c\u0131 balon, \u00e7ok kire\u00e7li koroner damarlar\u0131 tedavi etmek i\u00e7in kullan\u0131lan bir y\u00f6ntemdir. \u00d6zel \u0131s\u0131t\u0131c\u0131 balon, genellikle Rotablator olarak adland\u0131r\u0131lan bir cihazd\u0131r. Rotablator, daralm\u0131\u015f b\u00f6lgedeki kire\u00e7 birikimini \u00e7\u0131karmak i\u00e7in kullan\u0131lan bir d\u00f6ner elmas u\u00e7lu balon i\u00e7erir. \u0130\u015flem s\u0131ras\u0131nda balon, y\u00fcksek h\u0131zda d\u00f6nerken kire\u00e7 birikimini par\u00e7alar ve damar\u0131 a\u00e7\u0131k hale getirir. Bu y\u00f6ntem, di\u011fer tedavi se\u00e7eneklerinin etkisiz oldu\u011fu veya kullan\u0131lamad\u0131\u011f\u0131 durumlarda tercih edilebilir.<\/p><p>Prof. Dr. Ali Metin Esen, \u0130stanbul, \u015ei\u015fli&#8217;de bulunan bir kardiyolog ve bu alanda deneyimli bir uzmand\u0131r. Kendisi, \u00e7ok kire\u00e7li koroner damarlar\u0131n tedavisi konusunda geni\u015f bir uzmanl\u0131k alan\u0131na sahiptir ve \u00f6zel \u0131s\u0131t\u0131c\u0131 balon kullan\u0131m\u0131nda deneyimlidir. Prof. Dr. Ali Metin Esen gibi uzmanlar, bu tedavi y\u00f6nteminin risklerini y\u00f6netme ve ba\u015far\u0131 oran\u0131n\u0131 art\u0131rma konusunda \u00f6nemli bir rol oynarlar.<\/p><p>\u00d6rnek bir vaka \u00fczerinden i\u015flem ad\u0131mlar\u0131 ve sonu\u00e7lar\u0131 \u015fu \u015fekilde olabilir:<\/p><p><strong>Vaka:<\/strong> 60 ya\u015f\u0131nda bir hasta, g\u00f6\u011f\u00fcs a\u011fr\u0131s\u0131 \u015fikayetiyle Prof. Dr. Ali Metin Esen&#8217;in klini\u011fine ba\u015fvurur. Koroner anjiyo sonucunda \u00e7ok kire\u00e7li koroner damarlar tespit edilir ve \u00f6zel \u0131s\u0131t\u0131c\u0131 balon ile tedavi d\u00fc\u015f\u00fcn\u00fcl\u00fcr.<\/p><p><strong>\u0130\u015flem \u00f6ncesi haz\u0131rl\u0131k:<\/strong> Hastan\u0131n genel sa\u011fl\u0131k durumu de\u011ferlendirilir ve \u00f6zel \u0131s\u0131t\u0131c\u0131 balon y\u00f6nteminin uygun oldu\u011fu belirlenir. Hastaya i\u015flem hakk\u0131nda detayl\u0131 bilgi verilir ve onay\u0131 al\u0131n\u0131r. Gerekli kan testleri ve tetkikler yap\u0131l\u0131r.<\/p><p><strong>\u0130\u015flem s\u0131ras\u0131:<\/strong> Hastan\u0131n i\u015flem \u00f6ncesi anestezi almas\u0131 sa\u011flan\u0131r. Ard\u0131ndan, kas\u0131k veya kol atardamarlar\u0131ndan birine kateter yerle\u015ftirilir ve \u00f6zel \u0131s\u0131t\u0131c\u0131 balon, daralm\u0131\u015f b\u00f6lgeye y\u00f6nlendirilir.<\/p><p><strong>Is\u0131t\u0131c\u0131 balonun kullan\u0131m\u0131:<\/strong> Balon, y\u00fcksek h\u0131zda d\u00f6nerken kire\u00e7 birikimini par\u00e7alar ve damar\u0131 a\u00e7mak i\u00e7in kullan\u0131l\u0131r. Rotablator, balonun d\u00f6nme h\u0131z\u0131n\u0131 kontrol etmek ve y\u00f6nlendirmek i\u00e7in kullan\u0131lan bir kumanda cihaz\u0131yla birlikte gelir. Balonun dikkatli bir \u015fekilde kullan\u0131lmas\u0131 ve damar\u0131n zarar g\u00f6rmemesi i\u00e7in uzmanl\u0131k gerektirir.<\/p><p><strong>Sonu\u00e7lar:<\/strong> \u0130\u015flem sonras\u0131nda, daralm\u0131\u015f b\u00f6lge geni\u015fler ve kan ak\u0131\u015f\u0131 iyile\u015fir. Hastan\u0131n semptomlar\u0131 azal\u0131r ve g\u00f6\u011f\u00fcs a\u011fr\u0131s\u0131 rahatlar. Ancak, her vaka farkl\u0131d\u0131r ve sonu\u00e7lar hastan\u0131n bireysel durumuna ba\u011fl\u0131 olarak de\u011fi\u015febilir.<\/p><p>Bu \u00f6rnek vaka, genel bir senaryo olup her hasta i\u00e7in farkl\u0131l\u0131k g\u00f6sterebilir. Prof. Dr. Ali Metin Esen gibi uzmanlar, hastan\u0131n durumunu de\u011ferlendirerek en uygun tedavi plan\u0131n\u0131 belirler ve i\u015flemi ba\u015far\u0131l\u0131 bir \u015fekilde ger\u00e7ekle\u015ftirir. \u0130\u015flem sonras\u0131 hastan\u0131n d\u00fczenli takip edilmesi ve gerekirse ila\u00e7 tedavisi veya di\u011fer tedavi y\u00f6ntemlerinin uygulanmas\u0131 gerekebilir.<\/p><p>\u00a0<\/p><p><strong>\u00d6nemli Not:<\/strong> Bu senaryo hayalidir ve ger\u00e7ek bir vaka \u00f6rne\u011fi de\u011fildir. Ger\u00e7ek bir t\u0131bbi durumla ilgili olarak her zaman bir uzmana dan\u0131\u015fman\u0131z \u00f6nemlidir.<\/p>\t\t\t\t\t\t<\/div>\n\t\t\t\t<\/div>\n\t\t\t\t\t<\/div>\n\t\t\t\t<\/div>\n\t\t\t\t\t<\/div>\n\t\t\t\t<\/div>\n\t\t\t\t<\/div>\n\t\t","protected":false},"excerpt":{"rendered":"<p>Damar T\u0131kan\u0131kl\u0131\u011f\u0131nda Balon Tedavisi Nedir? Damar t\u0131kan\u0131kl\u0131\u011f\u0131 nedir ve neden olur? Damar t\u0131kan\u0131kl\u0131\u011f\u0131, kan damarlar\u0131n\u0131n i\u00e7 y\u00fczeyine birikerek olu\u015fan plaklar\u0131n arterleri daraltmas\u0131 veya t\u0131kamas\u0131 sonucu olu\u015fan bir durumdur. Bu plaklar genellikle kolesterol, ya\u011f, kalsiyum ve di\u011fer maddelerin birikimiyle olu\u015fur. Damar t\u0131kan\u0131kl\u0131\u011f\u0131, kan ak\u0131\u015f\u0131n\u0131 engelleyerek dokulara yeterli oksijen ve besin maddesi ta\u015f\u0131nmas\u0131n\u0131 engeller. Bu durum kalp [&hellip;]<\/p>\n","protected":false},"author":1,"featured_media":0,"parent":0,"menu_order":0,"comment_status":"closed","ping_status":"closed","template":"elementor_header_footer","meta":{"footnotes":""},"class_list":["post-5586","page","type-page","status-publish","hentry"],"_links":{"self":[{"href":"https:\/\/wtdemo.link\/doktor1\/wp-json\/wp\/v2\/pages\/5586","targetHints":{"allow":["GET"]}}],"collection":[{"href":"https:\/\/wtdemo.link\/doktor1\/wp-json\/wp\/v2\/pages"}],"about":[{"href":"https:\/\/wtdemo.link\/doktor1\/wp-json\/wp\/v2\/types\/page"}],"author":[{"embeddable":true,"href":"https:\/\/wtdemo.link\/doktor1\/wp-json\/wp\/v2\/users\/1"}],"replies":[{"embeddable":true,"href":"https:\/\/wtdemo.link\/doktor1\/wp-json\/wp\/v2\/comments?post=5586"}],"version-history":[{"count":4,"href":"https:\/\/wtdemo.link\/doktor1\/wp-json\/wp\/v2\/pages\/5586\/revisions"}],"predecessor-version":[{"id":5594,"href":"https:\/\/wtdemo.link\/doktor1\/wp-json\/wp\/v2\/pages\/5586\/revisions\/5594"}],"wp:attachment":[{"href":"https:\/\/wtdemo.link\/doktor1\/wp-json\/wp\/v2\/media?parent=5586"}],"curies":[{"name":"wp","href":"https:\/\/api.w.org\/{rel}","templated":true}]}}